Last updated on 2024-05-01 12:14:16 CEST.
Flavor | Version | Tinstall | Tcheck | Ttotal | Status | Flags |
---|---|---|---|---|---|---|
r-devel-linux-x86_64-debian-clang | 0.1.0 | 51.56 | 371.58 | 423.14 | OK | |
r-devel-linux-x86_64-debian-gcc | 0.1.0 | 33.68 | 261.23 | 294.91 | OK | |
r-devel-linux-x86_64-fedora-clang | 0.1.0 | 521.70 | OK | |||
r-devel-linux-x86_64-fedora-gcc | 0.1.0 | 351.05 | OK | |||
r-devel-windows-x86_64 | 0.1.0 | 28.00 | 229.00 | 257.00 | OK | |
r-patched-linux-x86_64 | 0.1.0 | 0.61 | 2.27 | 2.88 | ERROR | |
r-release-linux-x86_64 | 0.1.0 | 0.60 | 2.33 | 2.93 | ERROR | |
r-release-macos-arm64 | 0.1.0 | 121.00 | OK | |||
r-release-macos-x86_64 | 0.1.0 | 380.00 | OK | |||
r-release-windows-x86_64 | 0.1.0 | 27.00 | 233.00 | 260.00 | OK | |
r-oldrel-macos-arm64 | 0.1.0 | 143.00 | OK | |||
r-oldrel-macos-x86_64 | 0.1.0 | 264.00 | OK | |||
r-oldrel-windows-x86_64 | 0.1.0 | 37.00 | 305.00 | 342.00 | OK |
Version: 0.1.0
Check: package dependencies
Result: ERROR
Package required but not available: ‘trialr’
See section ‘The DESCRIPTION file’ in the ‘Writing R Extensions’
manual.
Flavors: r-patched-linux-x86_64, r-release-linux-x86_64