Last updated on 2022-06-24 11:52:03 CEST.
Flavor | Version | Tinstall | Tcheck | Ttotal | Status | Flags |
---|---|---|---|---|---|---|
r-devel-linux-x86_64-debian-clang | 0.1.7 | 3.04 | 28.24 | 31.28 | OK | |
r-devel-linux-x86_64-debian-gcc | 0.1.7 | 2.59 | 22.10 | 24.69 | OK | |
r-devel-linux-x86_64-fedora-clang | 0.1.7 | 48.02 | NOTE | |||
r-devel-linux-x86_64-fedora-gcc | 0.1.7 | 47.43 | NOTE | |||
r-devel-windows-x86_64 | 0.1.7 | 13.00 | 52.00 | 65.00 | OK | |
r-patched-linux-x86_64 | 0.1.7 | 2.58 | 27.31 | 29.89 | OK | |
r-release-linux-x86_64 | 0.1.7 | 3.30 | 27.96 | 31.26 | OK | |
r-release-macos-arm64 | 0.1.7 | 16.00 | NOTE | |||
r-release-macos-x86_64 | 0.1.7 | 23.00 | NOTE | |||
r-release-windows-x86_64 | 0.1.7 | 11.00 | 51.00 | 62.00 | OK | |
r-oldrel-macos-arm64 | 0.1.7 | 20.00 | NOTE | |||
r-oldrel-macos-x86_64 | 0.1.7 | 32.00 | NOTE | |||
r-oldrel-windows-ix86+x86_64 | 0.1.7 | 7.00 | 45.00 | 52.00 | OK |
Version: 0.1.7
Check: dependencies in R code
Result: NOTE
Namespaces in Imports field not imported from:
‘Rcpp’ ‘profileModel’
All declared Imports should be used.
Flavors: r-devel-linux-x86_64-fedora-clang, r-devel-linux-x86_64-fedora-gcc, r-release-macos-arm64, r-release-macos-x86_64, r-oldrel-macos-arm64, r-oldrel-macos-x86_64