Last updated on 2022-07-02 12:52:58 CEST.
Flavor | Version | Tinstall | Tcheck | Ttotal | Status | Flags |
---|---|---|---|---|---|---|
r-devel-linux-x86_64-debian-clang | 1.1-2 | 10.84 | 238.02 | 248.86 | OK | |
r-devel-linux-x86_64-debian-gcc | 1.1-2 | 7.86 | 183.13 | 190.99 | OK | |
r-devel-linux-x86_64-fedora-clang | 1.1-2 | 300.59 | OK | |||
r-devel-linux-x86_64-fedora-gcc | 1.1-2 | 314.40 | OK | |||
r-devel-windows-x86_64 | 1.1-2 | 111.00 | 210.00 | 321.00 | OK | |
r-patched-linux-x86_64 | 1.1-2 | 10.76 | 237.50 | 248.26 | OK | |
r-release-linux-x86_64 | 1.1-2 | 9.54 | 235.73 | 245.27 | OK | |
r-release-macos-arm64 | 1.1-2 | 77.00 | OK | |||
r-release-macos-x86_64 | 1.1-2 | 111.00 | NOTE | |||
r-release-windows-x86_64 | 1.1-2 | 149.00 | 208.00 | 357.00 | OK | |
r-oldrel-macos-arm64 | 1.1-2 | 81.00 | OK | |||
r-oldrel-macos-x86_64 | 1.1-2 | 167.00 | OK | |||
r-oldrel-windows-ix86+x86_64 | 1.1-2 | 22.00 | 221.00 | 243.00 | OK |
Version: 1.1-2
Check: package dependencies
Result: NOTE
Packages suggested but not available for checking:
'R2jags', 'rjags', 'runjags'
Flavor: r-release-macos-x86_64