Last updated on 2023-12-09 11:49:18 CET.
Flavor | Version | Tinstall | Tcheck | Ttotal | Status | Flags |
---|---|---|---|---|---|---|
r-devel-linux-x86_64-debian-clang | 4.8.4 | 39.85 | 735.22 | 775.07 | OK | |
r-devel-linux-x86_64-debian-gcc | 4.8.4 | 33.41 | 548.60 | 582.01 | OK | |
r-devel-linux-x86_64-fedora-clang | 4.8.4 | 955.79 | OK | |||
r-devel-linux-x86_64-fedora-gcc | 4.8.4 | 934.22 | OK | |||
r-devel-windows-x86_64 | 4.8.4 | 31.00 | 519.00 | 550.00 | OK | |
r-patched-linux-x86_64 | 4.8.4 | 38.46 | 712.91 | 751.37 | OK | |
r-release-linux-x86_64 | 4.8.4 | 26.32 | 711.68 | 738.00 | OK | |
r-release-macos-arm64 | 4.8.4 | 9.00 | ERROR | |||
r-release-macos-x86_64 | 4.8.4 | 12.00 | ERROR | |||
r-release-windows-x86_64 | 4.8.4 | 42.00 | 673.00 | 715.00 | OK | |
r-oldrel-macos-arm64 | 4.8.4 | 223.00 | OK | |||
r-oldrel-macos-x86_64 | 4.8.4 | 316.00 | OK | |||
r-oldrel-windows-x86_64 | 4.8.4 | 43.00 | 655.00 | 698.00 | OK |
Version: 4.8.4
Check: package dependencies
Result: ERROR
Package required but not available: ‘phyloseq’
See section ‘The DESCRIPTION file’ in the ‘Writing R Extensions’
manual.
Flavors: r-release-macos-arm64, r-release-macos-x86_64