Last updated on 2024-04-17 10:41:31 CEST.
Flavor | Version | Tinstall | Tcheck | Ttotal | Status | Flags |
---|---|---|---|---|---|---|
r-devel-linux-x86_64-debian-clang | 0.1.0 | 11.24 | 79.84 | 91.08 | OK | |
r-devel-linux-x86_64-debian-gcc | 0.1.0 | 8.86 | 59.29 | 68.15 | OK | |
r-devel-linux-x86_64-fedora-clang | 0.1.0 | 111.93 | NOTE | |||
r-devel-linux-x86_64-fedora-gcc | 0.1.0 | 119.13 | NOTE | |||
r-prerel-macos-arm64 | 0.1.0 | 56.00 | OK | |||
r-prerel-windows-x86_64 | 0.1.0 | 11.00 | 87.00 | 98.00 | OK | |
r-patched-linux-x86_64 | 0.1.0 | 9.68 | 76.76 | 86.44 | OK | |
r-release-linux-x86_64 | 0.1.0 | 10.15 | 73.55 | 83.70 | OK | |
r-release-macos-arm64 | 0.1.0 | 56.00 | OK | |||
r-release-macos-x86_64 | 0.1.0 | 78.00 | OK | |||
r-release-windows-x86_64 | 0.1.0 | 14.00 | 97.00 | 111.00 | OK | |
r-oldrel-macos-arm64 | 0.1.0 | 48.00 | NOTE | |||
r-oldrel-windows-x86_64 | 0.1.0 | 15.00 | 102.00 | 117.00 | OK |
Version: 0.1.0
Check: dependencies in R code
Result: NOTE
Namespaces in Imports field not imported from:
‘CCA’ ‘brainR’ ‘elasticnet’
All declared Imports should be used.
Flavors: r-devel-linux-x86_64-fedora-clang, r-devel-linux-x86_64-fedora-gcc, r-oldrel-macos-arm64