Last updated on 2023-09-28 11:55:27 CEST.
Flavor | Version | Tinstall | Tcheck | Ttotal | Status | Flags |
---|---|---|---|---|---|---|
r-devel-linux-x86_64-debian-clang | 1.0.6 | 152.51 | 42.79 | 195.30 | NOTE | |
r-devel-linux-x86_64-debian-gcc | 1.0.6 | 101.08 | 32.06 | 133.14 | NOTE | |
r-devel-linux-x86_64-fedora-clang | 1.0.6 | 284.11 | NOTE | |||
r-devel-linux-x86_64-fedora-gcc | 1.0.6 | 280.06 | NOTE | |||
r-devel-windows-x86_64 | 1.0.6 | 108.00 | 86.00 | 194.00 | NOTE | |
r-patched-linux-x86_64 | 1.0.6 | 138.41 | 41.85 | 180.26 | NOTE | |
r-release-linux-x86_64 | 1.0.6 | 140.17 | 41.75 | 181.92 | NOTE | |
r-release-macos-arm64 | 1.0.6 | 64.00 | NOTE | |||
r-release-macos-x86_64 | 1.0.6 | 116.00 | NOTE | |||
r-release-windows-x86_64 | 1.0.6 | 141.00 | 93.00 | 234.00 | NOTE | |
r-oldrel-macos-arm64 | 1.0.6 | 59.00 | OK | |||
r-oldrel-macos-x86_64 | 1.0.6 | 80.00 | OK | |||
r-oldrel-windows-x86_64 | 1.0.6 | 137.00 | 88.00 | 225.00 | OK |
Version: 1.0.6
Check: C++ specification
Result: NOTE
Specified C++11: please drop specification unless essential
Flavors: r-devel-linux-x86_64-debian-clang, r-devel-linux-x86_64-debian-gcc, r-devel-linux-x86_64-fedora-clang, r-devel-linux-x86_64-fedora-gcc, r-devel-windows-x86_64, r-patched-linux-x86_64, r-release-linux-x86_64, r-release-macos-arm64, r-release-macos-x86_64, r-release-windows-x86_64