Last updated on 2022-07-04 12:54:04 CEST.
Flavor | Version | Tinstall | Tcheck | Ttotal | Status | Flags |
---|---|---|---|---|---|---|
r-devel-linux-x86_64-debian-clang | 1.0.0 | 245.88 | 133.99 | 379.87 | NOTE | |
r-devel-linux-x86_64-debian-gcc | 1.0.0 | 211.41 | 109.93 | 321.34 | NOTE | |
r-devel-linux-x86_64-fedora-clang | 1.0.0 | 511.69 | WARN | |||
r-devel-linux-x86_64-fedora-gcc | 1.0.0 | 533.70 | WARN | |||
r-devel-windows-x86_64 | 1.0.0 | 193.00 | 201.00 | 394.00 | NOTE | |
r-patched-linux-x86_64 | 1.0.0 | 181.95 | 140.32 | 322.27 | NOTE | |
r-release-linux-x86_64 | 1.0.0 | 167.39 | 139.09 | 306.48 | NOTE | |
r-release-macos-arm64 | 1.0.0 | 140.00 | NOTE | |||
r-release-macos-x86_64 | 1.0.0 | 235.00 | NOTE | |||
r-release-windows-x86_64 | 1.0.0 | 183.00 | 206.00 | 389.00 | NOTE | |
r-oldrel-macos-arm64 | 1.0.0 | 206.00 | NOTE | |||
r-oldrel-macos-x86_64 | 1.0.0 | 230.00 | NOTE | |||
r-oldrel-windows-ix86+x86_64 | 1.0.0 | 533.00 | 246.00 | 779.00 | NOTE |
Version: 1.0.0
Check: for GNU extensions in Makefiles
Result: NOTE
GNU make is a SystemRequirements.
Flavors: r-devel-linux-x86_64-debian-clang, r-devel-linux-x86_64-debian-gcc, r-devel-linux-x86_64-fedora-clang, r-devel-linux-x86_64-fedora-gcc, r-devel-windows-x86_64, r-patched-linux-x86_64, r-release-linux-x86_64, r-release-macos-arm64, r-release-macos-x86_64, r-release-windows-x86_64, r-oldrel-macos-arm64, r-oldrel-macos-x86_64, r-oldrel-windows-ix86+x86_64
Version: 1.0.0
Check: package dependencies
Result: WARN
Requires orphaned package: ‘gtools’
Flavors: r-devel-linux-x86_64-fedora-clang, r-devel-linux-x86_64-fedora-gcc
Version: 1.0.0
Check: installed package size
Result: NOTE
installed size is 29.8Mb
sub-directories of 1Mb or more:
libs 29.0Mb
Flavors: r-devel-linux-x86_64-fedora-clang, r-release-macos-arm64, r-release-macos-x86_64, r-oldrel-macos-arm64, r-oldrel-macos-x86_64, r-oldrel-windows-ix86+x86_64
Version: 1.0.0
Check: data for non-ASCII characters
Result: NOTE
Note: found 1448 marked UTF-8 strings
Flavors: r-devel-linux-x86_64-fedora-clang, r-devel-linux-x86_64-fedora-gcc, r-release-macos-arm64, r-release-macos-x86_64, r-oldrel-macos-arm64, r-oldrel-macos-x86_64