CRAN Package Check Results for Package bpca

Last updated on 2022-06-29 11:52:04 CEST.

Flavor Version Tinstall Tcheck Ttotal Status Flags
r-devel-linux-x86_64-debian-clang 1.3-4 5.08 47.84 52.92 NOTE
r-devel-linux-x86_64-debian-gcc 1.3-4 4.21 37.56 41.77 NOTE
r-devel-linux-x86_64-fedora-clang 1.3-4 77.11 NOTE
r-devel-linux-x86_64-fedora-gcc 1.3-4 76.42 NOTE
r-devel-windows-x86_64 1.3-4 19.00 92.00 111.00 NOTE
r-patched-linux-x86_64 1.3-4 6.39 46.19 52.58 OK
r-release-linux-x86_64 1.3-4 5.13 46.05 51.18 OK
r-release-macos-arm64 1.3-4 25.00 OK
r-release-macos-x86_64 1.3-4 33.00 OK
r-release-windows-x86_64 1.3-4 15.00 84.00 99.00 OK
r-oldrel-macos-arm64 1.3-4 35.00 OK
r-oldrel-macos-x86_64 1.3-4 46.00 OK
r-oldrel-windows-ix86+x86_64 1.3-4 11.00 78.00 89.00 OK

Check Details

Version: 1.3-4
Check: Rd files
Result: NOTE
    checkRd: (-1) bpca.Rd:85: Escaped LaTeX specials: \&
Flavors: r-devel-linux-x86_64-debian-clang, r-devel-linux-x86_64-debian-gcc, r-devel-linux-x86_64-fedora-clang, r-devel-linux-x86_64-fedora-gcc, r-devel-windows-x86_64