CRAN Package Check Results for Package bpbounds

Last updated on 2022-11-26 10:57:54 CET.

Flavor Version Tinstall Tcheck Ttotal Status Flags
r-devel-linux-x86_64-debian-clang 0.1.4 3.17 35.82 38.99 NOTE
r-devel-linux-x86_64-debian-gcc 0.1.4 2.42 27.53 29.95 NOTE
r-devel-linux-x86_64-fedora-clang 0.1.4 60.06 NOTE
r-devel-windows-x86_64 0.1.4 18.00 67.00 85.00 NOTE
r-patched-linux-x86_64 0.1.4 NOTE
r-release-linux-x86_64 0.1.4 3.13 34.65 37.78 NOTE
r-release-macos-arm64 0.1.4 17.00 NOTE
r-release-macos-x86_64 0.1.4 30.00 NOTE
r-release-windows-x86_64 0.1.4 11.00 68.00 79.00 NOTE
r-oldrel-macos-arm64 0.1.4 26.00 NOTE
r-oldrel-macos-x86_64 0.1.4 36.00 NOTE
r-oldrel-windows-ix86+x86_64 0.1.4 7.00 64.00 71.00 NOTE

Check Details

Version: 0.1.4
Check: LazyData
Result: NOTE
     'LazyData' is specified without a 'data' directory
Flavors: r-devel-linux-x86_64-debian-clang, r-devel-linux-x86_64-debian-gcc, r-devel-linux-x86_64-fedora-clang, r-devel-windows-x86_64, r-patched-linux-x86_64, r-release-linux-x86_64, r-release-macos-arm64, r-release-macos-x86_64, r-release-windows-x86_64, r-oldrel-macos-arm64, r-oldrel-macos-x86_64, r-oldrel-windows-ix86+x86_64