Last updated on 2024-04-24 11:20:45 CEST.
Flavor | Version | Tinstall | Tcheck | Ttotal | Status | Flags |
---|---|---|---|---|---|---|
r-devel-linux-x86_64-debian-clang | 1.2-4 | 3.08 | 26.53 | 29.61 | OK | |
r-devel-linux-x86_64-debian-gcc | 1.2-4 | 2.53 | 20.32 | 22.85 | OK | |
r-devel-linux-x86_64-fedora-clang | 1.2-4 | 37.78 | NOTE | |||
r-devel-linux-x86_64-fedora-gcc | 1.2-4 | 35.28 | NOTE | |||
r-devel-windows-x86_64 | 1.2-4 | 4.00 | 44.00 | 48.00 | OK | |
r-patched-linux-x86_64 | 1.2-4 | 2.65 | 25.55 | 28.20 | OK | |
r-release-linux-x86_64 | 1.2-4 | 2.20 | 25.33 | 27.53 | OK | |
r-release-macos-arm64 | 1.2-4 | 31.00 | OK | |||
r-release-windows-x86_64 | 1.2-4 | 5.00 | 44.00 | 49.00 | OK | |
r-oldrel-macos-arm64 | 1.2-4 | 25.00 | OK | |||
r-oldrel-macos-x86_64 | 1.2-4 | 49.00 | OK | |||
r-oldrel-windows-x86_64 | 1.2-4 | 8.00 | 51.00 | 59.00 | OK |
Version: 1.2-4
Check: compiled code
Result: NOTE
File ‘bootruin/libs/bootruin.so’:
Found no calls to: ‘R_registerRoutines’, ‘R_useDynamicSymbols’
It is good practice to register native routines and to disable symbol
search.
See ‘Writing portable packages’ in the ‘Writing R Extensions’ manual.
Flavors: r-devel-linux-x86_64-fedora-clang, r-devel-linux-x86_64-fedora-gcc