CRAN Package Check Results for Package bootnet

Last updated on 2024-02-21 11:01:03 CET.

Flavor Version Tinstall Tcheck Ttotal Status Flags
r-devel-linux-x86_64-debian-clang 1.5.6 OK
r-devel-linux-x86_64-debian-gcc 1.5.6 13.47 135.25 148.72 OK
r-devel-linux-x86_64-fedora-clang 1.5.6 256.29 NOTE
r-devel-linux-x86_64-fedora-gcc 1.5.6 252.94 OK
r-devel-windows-x86_64 1.5.6 20.00 139.00 159.00 OK
r-patched-linux-x86_64 1.5.6 19.91 177.19 197.10 OK
r-release-linux-x86_64 1.5.6 16.19 176.06 192.25 OK
r-release-macos-arm64 1.5.6 44.00 OK
r-release-macos-x86_64 1.5.6 70.00 OK
r-release-windows-x86_64 1.5.6 23.00 176.00 199.00 OK
r-oldrel-macos-arm64 1.5.6 64.00 OK
r-oldrel-windows-x86_64 1.5.6 24.00 182.00 206.00 OK

Check Details

Version: 1.5.6
Check: Rd cross-references
Result: NOTE Undeclared package ‘psych’ in Rd xrefs Flavor: r-devel-linux-x86_64-fedora-clang