Last updated on 2024-04-18 12:52:38 CEST.
Flavor | Version | Tinstall | Tcheck | Ttotal | Status | Flags |
---|---|---|---|---|---|---|
r-devel-linux-x86_64-debian-clang | 1.6 | 18.40 | 180.77 | 199.17 | OK | |
r-devel-linux-x86_64-debian-gcc | 1.6 | 13.96 | 134.09 | 148.05 | OK | |
r-devel-linux-x86_64-fedora-clang | 1.6 | 255.96 | NOTE | |||
r-devel-linux-x86_64-fedora-gcc | 1.6 | 241.12 | OK | |||
r-prerel-macos-arm64 | 1.6 | 60.00 | OK | |||
r-prerel-macos-x86_64 | 1.6 | 72.00 | OK | |||
r-prerel-windows-x86_64 | 1.6 | 19.00 | 141.00 | 160.00 | OK | |
r-patched-linux-x86_64 | 1.6 | 16.55 | 170.18 | 186.73 | OK | |
r-release-linux-x86_64 | 1.6 | 17.74 | 175.71 | 193.45 | OK | |
r-release-macos-arm64 | 1.6 | 50.00 | OK | |||
r-release-macos-x86_64 | 1.6 | 77.00 | OK | |||
r-release-windows-x86_64 | 1.6 | 20.00 | 177.00 | 197.00 | OK | |
r-oldrel-macos-arm64 | 1.6 | 51.00 | OK | |||
r-oldrel-windows-x86_64 | 1.6 | 23.00 | 176.00 | 199.00 | OK |
Version: 1.6
Check: Rd cross-references
Result: NOTE
Undeclared package ‘psych’ in Rd xrefs
Flavor: r-devel-linux-x86_64-fedora-clang