Last updated on 2024-04-17 10:41:31 CEST.
Flavor | Version | Tinstall | Tcheck | Ttotal | Status | Flags |
---|---|---|---|---|---|---|
r-devel-linux-x86_64-debian-clang | 1.0.3 | 59.38 | 111.79 | 171.17 | NOTE | |
r-devel-linux-x86_64-debian-gcc | 1.0.3 | 47.67 | 78.39 | 126.06 | NOTE | |
r-devel-linux-x86_64-fedora-clang | 1.0.3 | 217.69 | NOTE | |||
r-devel-linux-x86_64-fedora-gcc | 1.0.3 | 229.69 | NOTE | |||
r-prerel-macos-arm64 | 1.0.3 | 64.00 | NOTE | |||
r-prerel-macos-x86_64 | 1.0.3 | 178.00 | NOTE | |||
r-prerel-windows-x86_64 | 1.0.3 | 45.00 | 144.00 | 189.00 | NOTE | |
r-patched-linux-x86_64 | 1.0.3 | 56.11 | 104.54 | 160.65 | NOTE | |
r-release-linux-x86_64 | 1.0.3 | 60.30 | 101.08 | 161.38 | NOTE | |
r-release-macos-arm64 | 1.0.3 | 67.00 | NOTE | |||
r-release-macos-x86_64 | 1.0.3 | 162.00 | NOTE | |||
r-release-windows-x86_64 | 1.0.3 | 58.00 | 178.00 | 236.00 | NOTE | |
r-oldrel-macos-arm64 | 1.0.3 | 78.00 | NOTE | |||
r-oldrel-windows-x86_64 | 1.0.3 | 53.00 | 168.00 | 221.00 | NOTE |
Version: 1.0.3
Check: for GNU extensions in Makefiles
Result: NOTE
GNU make is a SystemRequirements.
Flavors: r-devel-linux-x86_64-debian-clang, r-devel-linux-x86_64-debian-gcc, r-devel-linux-x86_64-fedora-clang, r-devel-linux-x86_64-fedora-gcc, r-prerel-macos-arm64, r-prerel-macos-x86_64, r-prerel-windows-x86_64, r-patched-linux-x86_64, r-release-linux-x86_64, r-release-macos-arm64, r-release-macos-x86_64, r-release-windows-x86_64, r-oldrel-macos-arm64, r-oldrel-windows-x86_64
Version: 1.0.3
Check: installed package size
Result: NOTE
installed size is 5.1Mb
sub-directories of 1Mb or more:
libs 4.7Mb
Flavors: r-prerel-macos-arm64, r-prerel-macos-x86_64, r-release-macos-arm64, r-release-macos-x86_64, r-oldrel-macos-arm64