CRAN Package Check Results for Package bootPLS

Last updated on 2024-06-13 10:48:49 CEST.

Flavor Version Tinstall Tcheck Ttotal Status Flags
r-devel-linux-x86_64-debian-clang 0.9.9 6.14 82.29 88.43 OK
r-devel-linux-x86_64-debian-gcc 0.9.9 0.35 1.88 2.23 ERROR
r-devel-linux-x86_64-fedora-clang 0.9.9 107.97 OK
r-devel-linux-x86_64-fedora-gcc 0.9.9 117.04 OK
r-devel-windows-x86_64 0.9.9 6.00 86.00 92.00 OK
r-patched-linux-x86_64 0.9.9 12.22 76.50 88.72 OK
r-release-linux-x86_64 0.9.9 5.49 76.42 81.91 OK
r-release-macos-arm64 0.9.9 39.00 OK
r-release-macos-x86_64 0.9.9 73.00 OK
r-release-windows-x86_64 0.9.9 6.00 86.00 92.00 OK
r-oldrel-macos-arm64 0.9.9 43.00 OK
r-oldrel-macos-x86_64 0.9.9 64.00 OK
r-oldrel-windows-x86_64 0.9.9 7.00 106.00 113.00 OK

Check Details

Version: 0.9.9
Check: package dependencies
Result: ERROR Packages required but not available: 'plsRglm', 'bipartite' See section ‘The DESCRIPTION file’ in the ‘Writing R Extensions’ manual. Flavor: r-devel-linux-x86_64-debian-gcc