Last updated on 2024-03-28 09:51:37 CET.
Flavor | Version | Tinstall | Tcheck | Ttotal | Status | Flags |
---|---|---|---|---|---|---|
r-devel-linux-x86_64-debian-clang | 0.1.0 | 9.81 | 45.70 | 55.51 | OK | |
r-devel-linux-x86_64-debian-gcc | 0.1.0 | 11.28 | 34.15 | 45.43 | OK | |
r-devel-linux-x86_64-fedora-clang | 0.1.0 | 73.69 | NOTE | |||
r-devel-linux-x86_64-fedora-gcc | 0.1.0 | 88.75 | NOTE | |||
r-devel-windows-x86_64 | 0.1.0 | 11.00 | 58.00 | 69.00 | OK | |
r-patched-linux-x86_64 | 0.1.0 | 14.85 | 42.85 | 57.70 | OK | |
r-release-linux-x86_64 | 0.1.0 | 11.30 | 41.41 | 52.71 | OK | |
r-release-macos-arm64 | 0.1.0 | 34.00 | OK | |||
r-release-macos-x86_64 | 0.1.0 | 52.00 | OK | |||
r-release-windows-x86_64 | 0.1.0 | 11.00 | 59.00 | 70.00 | OK | |
r-oldrel-macos-arm64 | 0.1.0 | 27.00 | OK | |||
r-oldrel-windows-x86_64 | 0.1.0 | 15.00 | 63.00 | 78.00 | OK |
Version: 0.1.0
Check: dependencies in R code
Result: NOTE
Namespace in Imports field not imported from: ‘R6’
All declared Imports should be used.
Flavors: r-devel-linux-x86_64-fedora-clang, r-devel-linux-x86_64-fedora-gcc