CRAN Package Check Results for Package boomer

Last updated on 2022-06-29 11:52:04 CEST.

Flavor Version Tinstall Tcheck Ttotal Status Flags
r-devel-linux-x86_64-debian-clang 0.1.0 2.81 49.58 52.39 OK
r-devel-linux-x86_64-debian-gcc 0.1.0 2.24 36.99 39.23 OK
r-devel-linux-x86_64-fedora-clang 0.1.0 71.10 NOTE
r-devel-linux-x86_64-fedora-gcc 0.1.0 70.25 NOTE
r-devel-windows-x86_64 0.1.0 16.00 73.00 89.00 OK
r-patched-linux-x86_64 0.1.0 2.82 46.82 49.64 OK
r-release-linux-x86_64 0.1.0 2.81 46.90 49.71 OK
r-release-macos-arm64 0.1.0 21.00 NOTE
r-release-macos-x86_64 0.1.0 29.00 NOTE
r-release-windows-x86_64 0.1.0 15.00 72.00 87.00 OK
r-oldrel-macos-arm64 0.1.0 26.00 NOTE
r-oldrel-macos-x86_64 0.1.0 28.00 NOTE
r-oldrel-windows-ix86+x86_64 0.1.0 8.00 72.00 80.00 OK

Check Details

Version: 0.1.0
Check: dependencies in R code
Result: NOTE
    Namespace in Imports field not imported from: ‘pryr’
     All declared Imports should be used.
Flavors: r-devel-linux-x86_64-fedora-clang, r-devel-linux-x86_64-fedora-gcc, r-release-macos-arm64, r-release-macos-x86_64, r-oldrel-macos-arm64, r-oldrel-macos-x86_64