CRAN Package Check Results for Package bodenmiller

Last updated on 2023-12-11 11:53:26 CET.

Flavor Version Tinstall Tcheck Ttotal Status Flags
r-devel-linux-x86_64-debian-clang 0.1.1 9.62 44.74 54.36 NOTE
r-devel-linux-x86_64-debian-gcc 0.1.1 8.52 35.44 43.96 NOTE
r-devel-linux-x86_64-fedora-clang 0.1.1 68.20 NOTE
r-devel-linux-x86_64-fedora-gcc 0.1.1 78.40 OK
r-devel-windows-x86_64 0.1.1 10.00 55.00 65.00 NOTE
r-patched-linux-x86_64 0.1.1 10.31 43.18 53.49 OK
r-release-linux-x86_64 0.1.1 8.87 43.51 52.38 OK
r-release-macos-arm64 0.1.1 36.00 NOTE
r-release-macos-x86_64 0.1.1 53.00 NOTE
r-release-windows-x86_64 0.1.1 9.00 61.00 70.00 NOTE
r-oldrel-macos-arm64 0.1.1 34.00 NOTE
r-oldrel-macos-x86_64 0.1.1 40.00 NOTE
r-oldrel-windows-x86_64 0.1.1 13.00 66.00 79.00 NOTE

Check Details

Version: 0.1.1
Check: Rd files
Result: NOTE checkRd: (-1) refAnnots.Rd:10: Lost braces in \itemize; meant \describe ? checkRd: (-1) refAnnots.Rd:11-12: Lost braces in \itemize; meant \describe ? checkRd: (-1) untreatedAnnots.Rd:10: Lost braces in \itemize; meant \describe ? checkRd: (-1) untreatedAnnots.Rd:11-12: Lost braces in \itemize; meant \describe ? checkRd: (-1) untreatedAnnots.Rd:13-14: Lost braces in \itemize; meant \describe ? Flavors: r-devel-linux-x86_64-debian-clang, r-devel-linux-x86_64-debian-gcc

Version: 0.1.1
Check: installed package size
Result: NOTE installed size is 7.2Mb sub-directories of 1Mb or more: data 7.0Mb Flavors: r-devel-linux-x86_64-fedora-clang, r-devel-windows-x86_64, r-release-macos-arm64, r-release-macos-x86_64, r-release-windows-x86_64, r-oldrel-macos-arm64, r-oldrel-macos-x86_64, r-oldrel-windows-x86_64