CRAN Package Check Results for Package bnmonitor

Last updated on 2022-06-26 11:52:27 CEST.

Flavor Version Tinstall Tcheck Ttotal Status Flags
r-devel-linux-x86_64-debian-clang 0.1.3 24.05 189.70 213.75 OK
r-devel-linux-x86_64-debian-gcc 0.1.3 18.48 139.63 158.11 OK
r-devel-linux-x86_64-fedora-clang 0.1.3 273.63 WARN
r-devel-linux-x86_64-fedora-gcc 0.1.3 261.31 WARN
r-devel-windows-x86_64 0.1.3 65.00 204.00 269.00 OK
r-patched-linux-x86_64 0.1.3 14.50 177.58 192.08 OK
r-release-linux-x86_64 0.1.3 14.04 175.43 189.47 OK
r-release-macos-arm64 0.1.3 71.00 OK
r-release-macos-x86_64 0.1.3 98.00 OK
r-release-windows-x86_64 0.1.3 78.00 204.00 282.00 OK
r-oldrel-macos-arm64 0.1.3 56.00 OK
r-oldrel-macos-x86_64 0.1.3 94.00 OK
r-oldrel-windows-ix86+x86_64 0.1.3 47.00 205.00 252.00 OK

Check Details

Version: 0.1.3
Check: package dependencies
Result: WARN
    Requires (indirectly) orphaned package: ‘gtools’
Flavors: r-devel-linux-x86_64-fedora-clang, r-devel-linux-x86_64-fedora-gcc