Last updated on 2023-12-08 11:54:30 CET.
Flavor | Version | Tinstall | Tcheck | Ttotal | Status | Flags |
---|---|---|---|---|---|---|
r-devel-linux-x86_64-debian-clang | 4.9 | 63.53 | 127.01 | 190.54 | WARN | |
r-devel-linux-x86_64-debian-gcc | 4.9.1 | 48.75 | 96.23 | 144.98 | OK | |
r-devel-linux-x86_64-fedora-clang | 4.9.1 | 242.73 | OK | |||
r-devel-linux-x86_64-fedora-gcc | 4.9.1 | 237.36 | OK | |||
r-devel-windows-x86_64 | 4.9.1 | 86.00 | 137.00 | 223.00 | OK | |
r-patched-linux-x86_64 | 4.9.1 | 64.80 | 129.41 | 194.21 | OK | |
r-release-linux-x86_64 | 4.9 | 54.83 | 125.19 | 180.02 | OK | |
r-release-macos-arm64 | 4.9.1 | 76.00 | OK | |||
r-release-macos-x86_64 | 4.9.1 | 156.00 | OK | |||
r-release-windows-x86_64 | 4.9.1 | 88.00 | 145.00 | 233.00 | OK | |
r-oldrel-macos-arm64 | 4.9 | 71.00 | OK | |||
r-oldrel-macos-x86_64 | 4.9 | 79.00 | OK | |||
r-oldrel-windows-x86_64 | 4.9 | 101.00 | 138.00 | 239.00 | WARN |
Version: 4.9
Check: whether package can be installed
Result: WARN
Found the following significant warnings:
core/allocations.c:14:45: warning: format specifies type 'int' but the argument has type 'size_t' (aka 'unsigned long') [-Wformat]
core/allocations.c:25:47: warning: format specifies type 'int' but the argument has type 'size_t' (aka 'unsigned long') [-Wformat]
core/allocations.c:43:64: warning: format specifies type 'int' but the argument has type 'size_t' (aka 'unsigned long') [-Wformat]
core/allocations.c:43:67: warning: format specifies type 'int' but the argument has type 'size_t' (aka 'unsigned long') [-Wformat]
core/allocations.c:70:69: warning: format specifies type 'int' but the argument has type 'size_t' (aka 'unsigned long') [-Wformat]
core/allocations.c:70:72: warning: format specifies type 'int' but the argument has type 'size_t' (aka 'unsigned long') [-Wformat]
core/allocations.c:70:75: warning: format specifies type 'int' but the argument has type 'size_t' (aka 'unsigned long') [-Wformat]
core/data.table.c:129:5: warning: data argument not used by format string [-Wformat-extra-args]
predict/predict.c:287:52: warning: more '%' conversions than data arguments [-Wformat-insufficient-args]
predict/predict.c:625:49: warning: more '%' conversions than data arguments [-Wformat-insufficient-args]
predict/predict.c:633:50: warning: more '%' conversions than data arguments [-Wformat-insufficient-args]
See ‘/home/hornik/tmp/R.check/r-devel-clang/Work/PKGS/bnlearn.Rcheck/00install.out’ for details.
* used C compiler: ‘Debian clang version 17.0.5 (1)’
Flavor: r-devel-linux-x86_64-debian-clang
Version: 4.9
Check: Rd files
Result: NOTE
checkRd: (-1) cpquery.Rd:129: Lost braces; missing escapes or markup?
129 | {cpquery} does that automatically when computing the final conditional
| ^
checkRd: (-1) gRain.Rd:34: Lost braces
34 | converted to $m$ code{grain} objects by replacing the missing conditional
| ^
Flavor: r-devel-linux-x86_64-debian-clang
Version: 4.9
Check: whether package can be installed
Result: WARN
Found the following significant warnings:
bnlearn/../fitted/fitted.h:63:4: warning: ISO C99 doesn't support unnamed structs/unions [-Wpedantic]
fitted/fitted.h:63:4: warning: ISO C99 doesn't support unnamed structs/unions [-Wpedantic]
inference/loglikelihood/../../fitted/fitted.h:63:4: warning: ISO C99 doesn't support unnamed structs/unions [-Wpedantic]
inference/../fitted/fitted.h:63:4: warning: ISO C99 doesn't support unnamed structs/unions [-Wpedantic]
inference/rinterface/../../fitted/fitted.h:63:4: warning: ISO C99 doesn't support unnamed structs/unions [-Wpedantic]
minimal/../fitted/fitted.h:63:4: warning: ISO C99 doesn't support unnamed structs/unions [-Wpedantic]
predict/../fitted/fitted.h:63:4: warning: ISO C99 doesn't support unnamed structs/unions [-Wpedantic]
sanitization/../fitted/fitted.h:63:4: warning: ISO C99 doesn't support unnamed structs/unions [-Wpedantic]
Flavor: r-oldrel-windows-x86_64