CRAN Package Check Results for Package bmscstan

Last updated on 2022-06-27 11:50:38 CEST.

Flavor Version Tinstall Tcheck Ttotal Status Flags
r-devel-linux-x86_64-debian-clang 1.1.0 13.25 103.76 117.01 OK
r-devel-linux-x86_64-debian-gcc 1.1.0 7.56 76.40 83.96 OK
r-devel-linux-x86_64-fedora-clang 1.1.0 143.08 NOTE
r-devel-linux-x86_64-fedora-gcc 1.1.0 145.18 NOTE
r-devel-windows-x86_64 1.1.0 20.00 132.00 152.00 OK
r-patched-linux-x86_64 1.1.0 10.84 98.84 109.68 OK
r-release-linux-x86_64 1.1.0 7.56 98.17 105.73 OK
r-release-macos-arm64 1.1.0 44.00 NOTE
r-release-macos-x86_64 1.1.0 74.00 NOTE
r-release-windows-x86_64 1.1.0 23.00 142.00 165.00 OK
r-oldrel-macos-arm64 1.1.0 48.00 NOTE
r-oldrel-macos-x86_64 1.1.0 62.00 NOTE
r-oldrel-windows-ix86+x86_64 1.1.0 27.00 121.00 148.00 OK

Check Details

Version: 1.1.0
Check: dependencies in R code
Result: NOTE
    Namespace in Imports field not imported from: ‘coda’
     All declared Imports should be used.
Flavors: r-devel-linux-x86_64-fedora-clang, r-devel-linux-x86_64-fedora-gcc, r-release-macos-arm64, r-release-macos-x86_64, r-oldrel-macos-arm64, r-oldrel-macos-x86_64