Last updated on 2025-07-10 11:50:49 CEST.
Flavor | Version | Tinstall | Tcheck | Ttotal | Status | Flags |
---|---|---|---|---|---|---|
r-devel-linux-x86_64-debian-clang | 1.3.15 | 275.72 | 123.61 | 399.33 | OK | |
r-devel-linux-x86_64-debian-gcc | 1.3.15 | 248.22 | 108.34 | 356.56 | OK | |
r-devel-linux-x86_64-fedora-clang | 1.3.15 | 573.81 | NOTE | |||
r-devel-linux-x86_64-fedora-gcc | 1.3.15 | 743.73 | NOTE | |||
r-devel-windows-x86_64 | 1.3.15 | 268.00 | 157.00 | 425.00 | OK | |
r-patched-linux-x86_64 | 1.3.15 | 306.82 | 143.66 | 450.48 | OK | |
r-release-linux-x86_64 | 1.3.15 | 307.38 | 141.75 | 449.13 | OK | |
r-release-macos-arm64 | 1.3.15 | 160.00 | OK | |||
r-release-macos-x86_64 | 1.3.15 | 300.00 | OK | |||
r-release-windows-x86_64 | 1.3.15 | 275.00 | 158.00 | 433.00 | OK | |
r-oldrel-macos-arm64 | 1.3.15 | 90.00 | NOTE | |||
r-oldrel-macos-x86_64 | 1.3.15 | 116.00 | NOTE | |||
r-oldrel-windows-x86_64 | 1.3.15 | 320.00 | 193.00 | 513.00 | OK |
Version: 1.3.15
Check: dependencies in R code
Result: NOTE
Namespaces in Imports field not imported from:
‘RcppParallel’ ‘rstantools’
All declared Imports should be used.
Flavors: r-devel-linux-x86_64-fedora-clang, r-devel-linux-x86_64-fedora-gcc
Version: 1.3.15
Check: installed package size
Result: NOTE
installed size is 65.1Mb
sub-directories of 1Mb or more:
libs 64.7Mb
Flavors: r-oldrel-macos-arm64, r-oldrel-macos-x86_64
Version: 1.3.15
Check: for GNU extensions in Makefiles
Result: NOTE
GNU make is a SystemRequirements.
Flavors: r-oldrel-macos-arm64, r-oldrel-macos-x86_64