Last updated on 2024-04-19 11:56:40 CEST.
Flavor | Version | Tinstall | Tcheck | Ttotal | Status | Flags |
---|---|---|---|---|---|---|
r-devel-linux-x86_64-debian-clang | 0.1.2 | 50.17 | 33.04 | 83.21 | NOTE | |
r-devel-linux-x86_64-debian-gcc | 0.1.2 | NOTE | ||||
r-devel-linux-x86_64-fedora-clang | 0.1.2 | 123.46 | NOTE | |||
r-devel-linux-x86_64-fedora-gcc | 0.1.2 | 121.13 | NOTE | |||
r-prerel-macos-arm64 | 0.1.2 | 30.00 | NOTE | |||
r-prerel-windows-x86_64 | 0.1.2 | 41.00 | 72.00 | 113.00 | NOTE | |
r-patched-linux-x86_64 | 0.1.2 | 49.26 | 32.13 | 81.39 | NOTE | |
r-release-linux-x86_64 | 0.1.2 | 53.98 | 31.28 | 85.26 | NOTE | |
r-release-macos-arm64 | 0.1.2 | 32.00 | NOTE | |||
r-release-macos-x86_64 | 0.1.2 | 54.00 | NOTE | |||
r-release-windows-x86_64 | 0.1.2 | 51.00 | 77.00 | 128.00 | NOTE | |
r-oldrel-macos-arm64 | 0.1.2 | 35.00 | OK | |||
r-oldrel-windows-x86_64 | 0.1.2 | 50.00 | 74.00 | 124.00 | OK |
Version: 0.1.2
Check: C++ specification
Result: NOTE
Specified C++11: please drop specification unless essential
Flavors: r-devel-linux-x86_64-debian-clang, r-devel-linux-x86_64-debian-gcc, r-devel-linux-x86_64-fedora-clang, r-devel-linux-x86_64-fedora-gcc, r-prerel-macos-arm64, r-prerel-windows-x86_64, r-patched-linux-x86_64, r-release-linux-x86_64, r-release-macos-arm64, r-release-macos-x86_64, r-release-windows-x86_64