CRAN Package Check Results for Package blrm

Last updated on 2024-03-03 11:54:29 CET.

Flavor Version Tinstall Tcheck Ttotal Status Flags
r-devel-linux-x86_64-debian-clang 1.0-2 6.61 52.13 58.74 OK
r-devel-linux-x86_64-debian-gcc 1.0-2 5.93 39.17 45.10 OK
r-devel-linux-x86_64-fedora-clang 1.0-2 72.45 NOTE
r-devel-linux-x86_64-fedora-gcc 1.0-2 69.94 NOTE
r-devel-windows-x86_64 1.0-2 9.00 55.00 64.00 OK
r-patched-linux-x86_64 1.0-2 7.46 50.27 57.73 OK
r-release-linux-x86_64 1.0-2 9.11 50.65 59.76 OK
r-release-macos-arm64 1.0-2 27.00 OK
r-release-macos-x86_64 1.0-2 36.00 OK
r-release-windows-x86_64 1.0-2 11.00 60.00 71.00 OK
r-oldrel-macos-arm64 1.0-2 22.00 NOTE
r-oldrel-windows-x86_64 1.0-2 11.00 68.00 79.00 OK

Check Details

Version: 1.0-2
Check: dependencies in R code
Result: NOTE Namespace in Imports field not imported from: ‘shiny’ All declared Imports should be used. Flavors: r-devel-linux-x86_64-fedora-clang, r-devel-linux-x86_64-fedora-gcc, r-oldrel-macos-arm64