CRAN Package Check Results for Package blocs

Last updated on 2023-09-25 12:01:34 CEST.

Flavor Version Tinstall Tcheck Ttotal Status Flags
r-devel-linux-x86_64-debian-clang 0.1.1 6.76 109.87 116.63 OK
r-devel-linux-x86_64-debian-gcc 0.1.1 5.22 82.72 87.94 OK
r-devel-linux-x86_64-fedora-clang 0.1.1 136.12 OK
r-devel-linux-x86_64-fedora-gcc 0.1.1 148.88 OK
r-devel-windows-x86_64 0.1.1 9.00 96.00 105.00 OK
r-patched-linux-x86_64 0.1.1 7.36 101.84 109.20 OK
r-release-linux-x86_64 0.1.1 6.76 109.92 116.68 OK
r-release-macos-arm64 0.1.1 54.00 OK
r-release-macos-x86_64 0.1.1 73.00 NOTE
r-release-windows-x86_64 0.1.1 10.00 113.00 123.00 OK
r-oldrel-macos-arm64 0.1.1 49.00 OK
r-oldrel-macos-x86_64 0.1.1 67.00 OK
r-oldrel-windows-x86_64 0.1.1 11.00 121.00 132.00 OK

Check Details

Version: 0.1.1
Check: package dependencies
Result: NOTE
    Package suggested but not available for checking: ‘reldist’
Flavor: r-release-macos-x86_64