CRAN Package Check Results for Package blockmodels

Last updated on 2022-06-29 11:52:03 CEST.

Flavor Version Tinstall Tcheck Ttotal Status Flags
r-devel-linux-x86_64-debian-clang 1.1.5 90.21 63.77 153.98 OK
r-devel-linux-x86_64-debian-gcc 1.1.5 77.70 48.03 125.73 OK
r-devel-linux-x86_64-fedora-clang 1.1.5 242.95 NOTE
r-devel-linux-x86_64-fedora-gcc 1.1.5 224.11 OK
r-devel-windows-x86_64 1.1.5 100.00 106.00 206.00 OK
r-patched-linux-x86_64 1.1.5 80.84 60.55 141.39 OK
r-release-linux-x86_64 1.1.5 83.60 61.07 144.67 OK
r-release-macos-arm64 1.1.5 57.00 NOTE
r-release-macos-x86_64 1.1.5 83.00 NOTE
r-release-windows-x86_64 1.1.5 110.00 113.00 223.00 OK
r-oldrel-macos-arm64 1.1.5 321.00 NOTE
r-oldrel-macos-x86_64 1.1.5 78.00 NOTE
r-oldrel-windows-ix86+x86_64 1.1.5 211.00 131.00 342.00 NOTE

Check Details

Version: 1.1.5
Check: installed package size
Result: NOTE
     installed size is 9.9Mb
     sub-directories of 1Mb or more:
     libs 9.4Mb
Flavors: r-devel-linux-x86_64-fedora-clang, r-release-macos-arm64, r-release-macos-x86_64, r-oldrel-macos-arm64, r-oldrel-macos-x86_64, r-oldrel-windows-ix86+x86_64