Last updated on 2024-04-18 12:52:38 CEST.
Flavor | Version | Tinstall | Tcheck | Ttotal | Status | Flags |
---|---|---|---|---|---|---|
r-devel-linux-x86_64-debian-clang | 0.1.5 | 2.56 | 157.76 | 160.32 | OK | |
r-devel-linux-x86_64-debian-gcc | 0.1.5 | 1.77 | 103.62 | 105.39 | OK | |
r-devel-linux-x86_64-fedora-clang | 0.1.5 | 189.82 | NOTE | |||
r-devel-linux-x86_64-fedora-gcc | 0.1.5 | 192.46 | OK | |||
r-prerel-macos-arm64 | 0.1.5 | 57.00 | OK | |||
r-prerel-windows-x86_64 | 0.1.5 | 3.00 | 94.00 | 97.00 | OK | |
r-patched-linux-x86_64 | 0.1.5 | 2.33 | 145.64 | 147.97 | OK | |
r-release-linux-x86_64 | 0.1.5 | 2.39 | 178.69 | 181.08 | OK | |
r-release-macos-arm64 | 0.1.5 | 56.00 | OK | |||
r-release-macos-x86_64 | 0.1.5 | 94.00 | OK | |||
r-release-windows-x86_64 | 0.1.5 | 5.00 | 151.00 | 156.00 | OK | |
r-oldrel-macos-arm64 | 0.1.5 | 43.00 | OK | |||
r-oldrel-windows-x86_64 | 0.1.5 | 4.00 | 150.00 | 154.00 | OK |
Version: 0.1.5
Check: Rd cross-references
Result: NOTE
Undeclared package ‘np’ in Rd xrefs
Flavor: r-devel-linux-x86_64-fedora-clang