CRAN Package Check Results for Package blender

Last updated on 2025-04-29 12:52:31 CEST.

Flavor Version Tinstall Tcheck Ttotal Status Flags
r-devel-linux-x86_64-debian-clang 0.1.2 6.88 62.40 69.28 NOTE
r-devel-linux-x86_64-debian-gcc 0.1.2 4.88 46.46 51.34 NOTE
r-devel-linux-x86_64-fedora-clang 0.1.2 106.28 OK
r-devel-linux-x86_64-fedora-gcc 0.1.2 99.68 OK
r-devel-windows-x86_64 0.1.2 8.00 76.00 84.00 OK
r-patched-linux-x86_64 0.1.2 5.67 59.45 65.12 OK
r-release-linux-x86_64 0.1.2 6.56 60.07 66.63 OK
r-release-macos-arm64 0.1.2 39.00 OK
r-release-macos-x86_64 0.1.2 74.00 OK
r-release-windows-x86_64 0.1.2 7.00 80.00 87.00 OK
r-oldrel-macos-arm64 0.1.2 36.00 OK
r-oldrel-macos-x86_64 0.1.2 78.00 OK
r-oldrel-windows-x86_64 0.1.2 8.00 89.00 97.00 OK

Check Details

Version: 0.1.2
Check: CRAN incoming feasibility
Result: NOTE Maintainer: ‘David J. Harris <DavHarris@UCDavis.edu>’ No Authors@R field in DESCRIPTION. Please add one, modifying Authors@R: person(given = c("David", "J."), family = "Harris", role = c("aut", "cre"), email = "DavHarris@UCDavis.edu") as necessary. The Date field is not in ISO 8601 yyyy-mm-dd format. Flavors: r-devel-linux-x86_64-debian-clang, r-devel-linux-x86_64-debian-gcc

Version: 0.1.2
Check: examples
Result: NOTE Examples with CPU (user + system) or elapsed time > 5s user system elapsed blend 4.184 0.298 6.311 Flavor: r-devel-linux-x86_64-debian-clang