Last updated on 2023-01-28 12:56:06 CET.
Flavor | Version | Tinstall | Tcheck | Ttotal | Status | Flags |
---|---|---|---|---|---|---|
r-devel-linux-x86_64-debian-clang | 0.1.1 | 124.34 | 45.98 | 170.32 | NOTE | |
r-devel-linux-x86_64-debian-gcc | 0.1.1 | 101.86 | 36.16 | 138.02 | NOTE | |
r-devel-linux-x86_64-fedora-clang | 0.1.1 | 278.49 | NOTE | |||
r-devel-linux-x86_64-fedora-gcc | 0.1.1 | 225.67 | NOTE | |||
r-devel-windows-x86_64 | 0.1.1 | 124.00 | 96.00 | 220.00 | NOTE | |
r-patched-linux-x86_64 | 0.1.1 | 101.20 | 45.18 | 146.38 | NOTE | |
r-release-linux-x86_64 | 0.1.1 | 90.27 | 44.45 | 134.72 | NOTE | |
r-release-macos-arm64 | 0.1.1 | 56.00 | NOTE | |||
r-release-macos-x86_64 | 0.1.1 | 70.00 | NOTE | |||
r-release-windows-x86_64 | 0.1.1 | 121.00 | 101.00 | 222.00 | NOTE | |
r-oldrel-macos-arm64 | 0.1.1 | 65.00 | NOTE | |||
r-oldrel-macos-x86_64 | 0.1.1 | 106.00 | NOTE | |||
r-oldrel-windows-ix86+x86_64 | 0.1.1 | 302.00 | 105.00 | 407.00 | NOTE |
Version: 0.1.1
Check: LazyData
Result: NOTE
'LazyData' is specified without a 'data' directory
Flavors: r-devel-linux-x86_64-debian-clang, r-devel-linux-x86_64-debian-gcc, r-devel-linux-x86_64-fedora-clang, r-devel-linux-x86_64-fedora-gcc, r-devel-windows-x86_64, r-patched-linux-x86_64, r-release-linux-x86_64, r-release-macos-arm64, r-release-macos-x86_64, r-release-windows-x86_64, r-oldrel-macos-arm64, r-oldrel-macos-x86_64, r-oldrel-windows-ix86+x86_64
Version: 0.1.1
Check: C++ specification
Result: NOTE
Specified C++11: please update to current default of C++17
Flavors: r-devel-linux-x86_64-debian-gcc, r-devel-linux-x86_64-fedora-gcc
Version: 0.1.1
Check: installed package size
Result: NOTE
installed size is 5.4Mb
sub-directories of 1Mb or more:
libs 5.0Mb
Flavor: r-oldrel-macos-arm64