CRAN Package Check Results for Package blastula

Last updated on 2022-07-04 12:54:04 CEST.

Flavor Version Tinstall Tcheck Ttotal Status Flags
r-devel-linux-x86_64-debian-clang 0.3.2 5.46 72.30 77.76 NOTE
r-devel-linux-x86_64-debian-gcc 0.3.2 3.72 56.30 60.02 NOTE
r-devel-linux-x86_64-fedora-clang 0.3.2 102.24 NOTE
r-devel-linux-x86_64-fedora-gcc 0.3.2 101.27 NOTE
r-devel-windows-x86_64 0.3.2 10.00 118.00 128.00 NOTE
r-patched-linux-x86_64 0.3.2 6.30 69.81 76.11 NOTE
r-release-linux-x86_64 0.3.2 5.21 68.75 73.96 NOTE
r-release-macos-arm64 0.3.2 32.00 NOTE
r-release-macos-x86_64 0.3.2 64.00 NOTE
r-release-windows-x86_64 0.3.2 146.00 121.00 267.00 NOTE
r-oldrel-macos-arm64 0.3.2 41.00 NOTE
r-oldrel-macos-x86_64 0.3.2 62.00 NOTE
r-oldrel-windows-ix86+x86_64 0.3.2 12.00 105.00 117.00 NOTE

Check Details

Version: 0.3.2
Check: LazyData
Result: NOTE
     'LazyData' is specified without a 'data' directory
Flavors: r-devel-linux-x86_64-debian-clang, r-devel-linux-x86_64-debian-gcc, r-devel-linux-x86_64-fedora-clang, r-devel-linux-x86_64-fedora-gcc, r-devel-windows-x86_64, r-patched-linux-x86_64, r-release-linux-x86_64, r-release-macos-arm64, r-release-macos-x86_64, r-release-windows-x86_64, r-oldrel-macos-arm64, r-oldrel-macos-x86_64, r-oldrel-windows-ix86+x86_64