Last updated on 2024-08-16 12:49:04 CEST.
Flavor | Version | Tinstall | Tcheck | Ttotal | Status | Flags |
---|---|---|---|---|---|---|
r-devel-linux-x86_64-debian-clang | 1.0.16 | 5.23 | 68.08 | 73.31 | OK | |
r-devel-linux-x86_64-debian-gcc | 1.0.16 | 3.59 | 48.52 | 52.11 | OK | |
r-devel-linux-x86_64-fedora-clang | 1.0.16 | 122.83 | NOTE | |||
r-devel-linux-x86_64-fedora-gcc | 1.0.16 | 129.65 | OK | |||
r-devel-windows-x86_64 | 1.0.16 | 11.00 | 143.00 | 154.00 | OK | |
r-patched-linux-x86_64 | 1.0.16 | 4.94 | 64.71 | 69.65 | OK | |
r-release-linux-x86_64 | 1.0.16 | 4.42 | 64.89 | 69.31 | OK | |
r-release-macos-arm64 | 1.0.16 | 46.00 | OK | |||
r-release-macos-x86_64 | 1.0.16 | 66.00 | OK | |||
r-release-windows-x86_64 | 1.0.16 | 11.00 | 145.00 | 156.00 | OK | |
r-oldrel-macos-arm64 | 1.0.16 | 52.00 | OK | |||
r-oldrel-macos-x86_64 | 1.0.16 | 160.00 | OK | |||
r-oldrel-windows-x86_64 | 1.0.16 | 13.00 | 162.00 | 175.00 | OK |
Version: 1.0.16
Check: package dependencies
Result: NOTE
Package suggested but not available for checking: ‘RQuantLib’
Flavor: r-devel-linux-x86_64-fedora-clang