Last updated on 2023-02-02 11:53:54 CET.
Flavor | Version | Tinstall | Tcheck | Ttotal | Status | Flags |
---|---|---|---|---|---|---|
r-devel-linux-x86_64-debian-clang | 1.0.0 | 3.48 | 45.19 | 48.67 | OK | |
r-devel-linux-x86_64-debian-gcc | 1.0.0 | 2.52 | 35.39 | 37.91 | OK | |
r-devel-linux-x86_64-fedora-clang | 1.0.0 | 61.83 | NOTE | |||
r-devel-linux-x86_64-fedora-gcc | 1.0.0 | 72.59 | NOTE | |||
r-devel-windows-x86_64 | 1.0.0 | 30.00 | 87.00 | 117.00 | OK | |
r-patched-linux-x86_64 | 1.0.0 | 7.77 | 43.69 | 51.46 | OK | |
r-release-linux-x86_64 | 1.0.0 | 2.17 | 42.96 | 45.13 | OK | |
r-release-macos-arm64 | 1.0.0 | 26.00 | NOTE | |||
r-release-macos-x86_64 | 1.0.0 | 33.00 | NOTE | |||
r-release-windows-x86_64 | 1.0.0 | 30.00 | 88.00 | 118.00 | OK | |
r-oldrel-macos-arm64 | 1.0.0 | 26.00 | NOTE | |||
r-oldrel-macos-x86_64 | 1.0.0 | 36.00 | NOTE | |||
r-oldrel-windows-ix86+x86_64 | 1.0.0 | 8.00 | 77.00 | 85.00 | OK |
Version: 1.0.0
Check: dependencies in R code
Result: NOTE
Namespaces in Imports field not imported from:
‘stats’ ‘utils’
All declared Imports should be used.
Flavors: r-devel-linux-x86_64-fedora-clang, r-devel-linux-x86_64-fedora-gcc, r-release-macos-arm64, r-release-macos-x86_64, r-oldrel-macos-arm64, r-oldrel-macos-x86_64