Last updated on 2024-03-28 09:51:37 CET.
Flavor | Version | Tinstall | Tcheck | Ttotal | Status | Flags |
---|---|---|---|---|---|---|
r-devel-linux-x86_64-debian-clang | 1.0.0 | 3.85 | 48.35 | 52.20 | OK | |
r-devel-linux-x86_64-debian-gcc | 1.0.0 | 2.57 | 36.75 | 39.32 | OK | |
r-devel-linux-x86_64-fedora-clang | 1.0.0 | 64.14 | NOTE | |||
r-devel-linux-x86_64-fedora-gcc | 1.0.0 | 76.36 | NOTE | |||
r-devel-windows-x86_64 | 1.0.0 | 4.00 | 59.00 | 63.00 | OK | |
r-patched-linux-x86_64 | 1.0.0 | 8.05 | 47.18 | 55.23 | OK | |
r-release-linux-x86_64 | 1.0.0 | 3.21 | 44.60 | 47.81 | OK | |
r-release-macos-arm64 | 1.0.0 | 36.00 | OK | |||
r-release-macos-x86_64 | 1.0.0 | 49.00 | OK | |||
r-release-windows-x86_64 | 1.0.0 | 5.00 | 64.00 | 69.00 | OK | |
r-oldrel-macos-arm64 | 1.0.0 | 26.00 | NOTE | |||
r-oldrel-windows-x86_64 | 1.0.0 | 6.00 | 68.00 | 74.00 | OK |
Version: 1.0.0
Check: dependencies in R code
Result: NOTE
Namespaces in Imports field not imported from:
‘stats’ ‘utils’
All declared Imports should be used.
Flavors: r-devel-linux-x86_64-fedora-clang, r-devel-linux-x86_64-fedora-gcc, r-oldrel-macos-arm64