Last updated on 2024-04-23 10:53:57 CEST.
Flavor | Version | Tinstall | Tcheck | Ttotal | Status | Flags |
---|---|---|---|---|---|---|
r-devel-linux-x86_64-debian-clang | 1.0.1 | 8.35 | 80.93 | 89.28 | NOTE | |
r-devel-linux-x86_64-debian-gcc | 1.0.1 | 6.05 | 60.19 | 66.24 | NOTE | |
r-devel-linux-x86_64-fedora-clang | 1.0.1 | 112.07 | NOTE | |||
r-devel-linux-x86_64-fedora-gcc | 1.0.1 | 105.39 | NOTE | |||
r-prerel-macos-arm64 | 1.0.1 | 34.00 | NOTE | |||
r-prerel-windows-x86_64 | 1.0.1 | 7.00 | 74.00 | 81.00 | NOTE | |
r-patched-linux-x86_64 | 1.0.1 | 6.97 | 78.35 | 85.32 | NOTE | |
r-release-linux-x86_64 | 1.0.1 | 6.35 | 79.67 | 86.02 | NOTE | |
r-release-macos-arm64 | 1.0.1 | 35.00 | NOTE | |||
r-release-macos-x86_64 | 1.0.1 | 58.00 | NOTE | |||
r-release-windows-x86_64 | 1.0.1 | 9.00 | 88.00 | 97.00 | NOTE | |
r-oldrel-macos-arm64 | 1.0.1 | 35.00 | NOTE | |||
r-oldrel-windows-x86_64 | 1.0.1 | 10.00 | 92.00 | 102.00 | NOTE |
Version: 1.0.1
Check: LazyData
Result: NOTE
'LazyData' is specified without a 'data' directory
Flavors: r-devel-linux-x86_64-debian-clang, r-devel-linux-x86_64-debian-gcc, r-devel-linux-x86_64-fedora-clang, r-devel-linux-x86_64-fedora-gcc, r-prerel-macos-arm64, r-prerel-windows-x86_64, r-patched-linux-x86_64, r-release-linux-x86_64, r-release-macos-arm64, r-release-macos-x86_64, r-release-windows-x86_64, r-oldrel-macos-arm64, r-oldrel-windows-x86_64