Last updated on 2025-02-01 12:48:22 CET.
Flavor | Version | Tinstall | Tcheck | Ttotal | Status | Flags |
---|---|---|---|---|---|---|
r-devel-linux-x86_64-debian-clang | 4.2 | 3.73 | 45.49 | 49.22 | NOTE | |
r-devel-linux-x86_64-debian-gcc | 4.2 | 2.98 | 33.19 | 36.17 | NOTE | |
r-devel-linux-x86_64-fedora-clang | 4.2 | 80.81 | NOTE | |||
r-devel-linux-x86_64-fedora-gcc | 4.2 | 93.26 | NOTE | |||
r-devel-windows-x86_64 | 4.2 | 7.00 | 67.00 | 74.00 | NOTE | |
r-patched-linux-x86_64 | 4.2 | 4.01 | 42.68 | 46.69 | NOTE | |
r-release-linux-x86_64 | 4.2 | 3.21 | 42.20 | 45.41 | NOTE | |
r-release-macos-arm64 | 4.2 | 39.00 | NOTE | |||
r-release-macos-x86_64 | 4.2 | 51.00 | NOTE | |||
r-release-windows-x86_64 | 4.2 | 4.00 | 67.00 | 71.00 | NOTE | |
r-oldrel-macos-arm64 | 4.2 | 31.00 | NOTE | |||
r-oldrel-macos-x86_64 | 4.2 | 50.00 | NOTE | |||
r-oldrel-windows-x86_64 | 4.2 | 6.00 | 74.00 | 80.00 | NOTE |
Version: 4.2
Check: Rd files
Result: NOTE
checkRd: (-1) tocher.Rd:13: Escaped LaTeX specials: \&
Flavors: r-devel-linux-x86_64-debian-clang, r-devel-linux-x86_64-debian-gcc, r-devel-linux-x86_64-fedora-clang, r-devel-linux-x86_64-fedora-gcc, r-devel-windows-x86_64, r-patched-linux-x86_64, r-release-linux-x86_64, r-release-macos-arm64, r-release-macos-x86_64, r-release-windows-x86_64, r-oldrel-macos-arm64, r-oldrel-macos-x86_64, r-oldrel-windows-x86_64
Version: 4.2
Check: Rd cross-references
Result: NOTE
Found the following Rd file(s) with Rd \link{} targets missing package
anchors:
D2.disc.Rd: lda
aer.Rd: lda
confusionmatrix.Rd: lda
sHe.Rd: levelplot
samplesize.Rd: boot
Please provide package anchors for all Rd \link{} targets not in the
package itself and the base packages.
Flavors: r-devel-linux-x86_64-debian-clang, r-devel-linux-x86_64-debian-gcc, r-devel-windows-x86_64