Last updated on 2025-04-29 12:52:31 CEST.
Flavor | Version | Tinstall | Tcheck | Ttotal | Status | Flags |
---|---|---|---|---|---|---|
r-devel-linux-x86_64-debian-clang | 0.1.4 | 4.90 | 57.66 | 62.56 | NOTE | |
r-devel-linux-x86_64-debian-gcc | 0.1.4 | 2.73 | 41.29 | 44.02 | NOTE | |
r-devel-linux-x86_64-fedora-clang | 0.1.4 | 98.41 | OK | |||
r-devel-linux-x86_64-fedora-gcc | 0.1.4 | 104.08 | OK | |||
r-devel-windows-x86_64 | 0.1.4 | 6.00 | 84.00 | 90.00 | OK | |
r-patched-linux-x86_64 | 0.1.4 | 6.12 | 54.18 | 60.30 | OK | |
r-release-linux-x86_64 | 0.1.4 | 4.42 | 53.37 | 57.79 | OK | |
r-release-macos-arm64 | 0.1.4 | 36.00 | OK | |||
r-release-macos-x86_64 | 0.1.4 | 74.00 | OK | |||
r-release-windows-x86_64 | 0.1.4 | 8.00 | 85.00 | 93.00 | OK | |
r-oldrel-macos-arm64 | 0.1.4 | 38.00 | OK | |||
r-oldrel-macos-x86_64 | 0.1.4 | 58.00 | OK | |||
r-oldrel-windows-x86_64 | 0.1.4 | 9.00 | 98.00 | 107.00 | OK |
Version: 0.1.4
Check: CRAN incoming feasibility
Result: NOTE
Maintainer: ‘Francois Keck <francois.keck@gmail.com>’
Package CITATION file contains call(s) to old-style citEntry(). Please
use bibentry() instead.
Flavors: r-devel-linux-x86_64-debian-clang, r-devel-linux-x86_64-debian-gcc