Last updated on 2024-04-23 10:53:57 CEST.
Flavor | Version | Tinstall | Tcheck | Ttotal | Status | Flags |
---|---|---|---|---|---|---|
r-devel-linux-x86_64-debian-clang | 1.1.3 | 10.03 | 187.36 | 197.39 | NOTE | |
r-devel-linux-x86_64-debian-gcc | 1.1.3 | 7.73 | 135.88 | 143.61 | NOTE | |
r-devel-linux-x86_64-fedora-clang | 1.1.3 | 235.50 | NOTE | |||
r-devel-linux-x86_64-fedora-gcc | 1.1.3 | 257.87 | NOTE | |||
r-prerel-macos-arm64 | 1.1.3 | 73.00 | NOTE | |||
r-prerel-windows-x86_64 | 1.1.3 | 12.00 | 122.00 | 134.00 | NOTE | |
r-patched-linux-x86_64 | 1.1.3 | 9.89 | 174.71 | 184.60 | NOTE | |
r-release-linux-x86_64 | 1.1.3 | 6.28 | 178.21 | 184.49 | NOTE | |
r-release-macos-arm64 | 1.1.3 | 68.00 | NOTE | |||
r-release-macos-x86_64 | 1.1.3 | 165.00 | NOTE | |||
r-release-windows-x86_64 | 1.1.3 | 16.00 | 153.00 | 169.00 | NOTE | |
r-oldrel-macos-arm64 | 1.1.3 | 68.00 | NOTE | |||
r-oldrel-windows-x86_64 | 1.1.3 | 14.00 | 147.00 | 161.00 | NOTE |
Version: 1.1.3
Check: package dependencies
Result: NOTE
Package which this enhances but not available for checking: ‘asreml’
Flavors: r-devel-linux-x86_64-debian-clang, r-devel-linux-x86_64-debian-gcc, r-devel-linux-x86_64-fedora-clang, r-devel-linux-x86_64-fedora-gcc, r-prerel-macos-arm64, r-prerel-windows-x86_64, r-patched-linux-x86_64, r-release-linux-x86_64, r-release-macos-arm64, r-release-macos-x86_64, r-release-windows-x86_64, r-oldrel-macos-arm64, r-oldrel-windows-x86_64