Last updated on 2022-06-28 12:52:18 CEST.
Flavor | Version | Tinstall | Tcheck | Ttotal | Status | Flags |
---|---|---|---|---|---|---|
r-devel-linux-x86_64-debian-clang | 0.1.0 | 6.37 | 62.89 | 69.26 | OK | |
r-devel-linux-x86_64-debian-gcc | 0.1.0 | 4.74 | 47.21 | 51.95 | OK | |
r-devel-linux-x86_64-fedora-clang | 0.1.0 | 91.53 | NOTE | |||
r-devel-linux-x86_64-fedora-gcc | 0.1.0 | 88.66 | NOTE | |||
r-devel-windows-x86_64 | 0.1.0 | 16.00 | 95.00 | 111.00 | OK | |
r-patched-linux-x86_64 | 0.1.0 | 5.34 | 59.09 | 64.43 | OK | |
r-release-linux-x86_64 | 0.1.0 | 6.19 | 58.41 | 64.60 | OK | |
r-release-macos-arm64 | 0.1.0 | 26.00 | NOTE | |||
r-release-macos-x86_64 | 0.1.0 | 45.00 | NOTE | |||
r-release-windows-x86_64 | 0.1.0 | 13.00 | 89.00 | 102.00 | OK | |
r-oldrel-macos-arm64 | 0.1.0 | 35.00 | NOTE | |||
r-oldrel-macos-x86_64 | 0.1.0 | 37.00 | NOTE | |||
r-oldrel-windows-ix86+x86_64 | 0.1.0 | 17.00 | 81.00 | 98.00 | OK |
Version: 0.1.0
Check: dependencies in R code
Result: NOTE
Namespaces in Imports field not imported from:
‘desc’ ‘lme4’ ‘mitml’
All declared Imports should be used.
Flavors: r-devel-linux-x86_64-fedora-clang, r-devel-linux-x86_64-fedora-gcc, r-release-macos-arm64, r-release-macos-x86_64, r-oldrel-macos-arm64, r-oldrel-macos-x86_64