Last updated on 2022-06-30 11:53:02 CEST.
Flavor | Version | Tinstall | Tcheck | Ttotal | Status | Flags |
---|---|---|---|---|---|---|
r-devel-linux-x86_64-debian-clang | 0.2.8 | 104.11 | 57.91 | 162.02 | OK | |
r-devel-linux-x86_64-debian-gcc | 0.2.8 | 90.36 | 45.28 | 135.64 | OK | |
r-devel-linux-x86_64-fedora-clang | 0.2.8 | 261.38 | OK | |||
r-devel-linux-x86_64-fedora-gcc | 0.2.8 | 230.87 | OK | |||
r-devel-windows-x86_64 | 0.2.8 | 119.00 | 111.00 | 230.00 | OK | |
r-patched-linux-x86_64 | 0.2.8 | 98.76 | 58.82 | 157.58 | OK | |
r-release-linux-x86_64 | 0.2.8 | 85.45 | 57.80 | 143.25 | OK | |
r-release-macos-arm64 | 0.2.8 | 67.00 | NOTE | |||
r-release-macos-x86_64 | 0.2.8 | 84.00 | NOTE | |||
r-release-windows-x86_64 | 0.2.8 | 107.00 | 112.00 | 219.00 | OK | |
r-oldrel-macos-arm64 | 0.2.8 | 58.00 | NOTE | |||
r-oldrel-macos-x86_64 | 0.2.8 | 83.00 | NOTE | |||
r-oldrel-windows-ix86+x86_64 | 0.2.8 | 271.00 | 121.00 | 392.00 | NOTE |
Version: 0.2.8
Check: installed package size
Result: NOTE
installed size is 6.0Mb
sub-directories of 1Mb or more:
libs 4.5Mb
Flavors: r-release-macos-arm64, r-release-macos-x86_64, r-oldrel-macos-arm64, r-oldrel-macos-x86_64, r-oldrel-windows-ix86+x86_64