Last updated on 2022-06-29 11:52:03 CEST.
Flavor | Version | Tinstall | Tcheck | Ttotal | Status | Flags |
---|---|---|---|---|---|---|
r-devel-linux-x86_64-debian-clang | 0.6.0 | 45.66 | 536.06 | 581.72 | OK | |
r-devel-linux-x86_64-debian-gcc | 0.6.0 | 34.59 | 396.45 | 431.04 | OK | |
r-devel-linux-x86_64-fedora-clang | 0.6.0 | 678.93 | NOTE | |||
r-devel-linux-x86_64-fedora-gcc | 0.6.0 | 699.00 | OK | |||
r-devel-windows-x86_64 | 0.6.0 | 94.00 | 602.00 | 696.00 | NOTE | |
r-patched-linux-x86_64 | 0.6.0 | 45.54 | 522.01 | 567.55 | OK | |
r-release-linux-x86_64 | 0.6.0 | 40.63 | 516.95 | 557.58 | OK | |
r-release-macos-arm64 | 0.6.0 | 200.00 | NOTE | |||
r-release-macos-x86_64 | 0.6.0 | 275.00 | NOTE | |||
r-release-windows-x86_64 | 0.6.0 | 87.00 | 587.00 | 674.00 | NOTE | |
r-oldrel-macos-arm64 | 0.6.0 | 207.00 | NOTE | |||
r-oldrel-macos-x86_64 | 0.6.0 | 279.00 | NOTE | |||
r-oldrel-windows-ix86+x86_64 | 0.6.0 | 231.00 | 652.00 | 883.00 | NOTE |
Version: 0.6.0
Check: installed package size
Result: NOTE
installed size is 5.8Mb
sub-directories of 1Mb or more:
data 1.6Mb
doc 1.2Mb
extdata 1.7Mb
Flavors: r-devel-linux-x86_64-fedora-clang, r-devel-windows-x86_64, r-release-macos-arm64, r-release-macos-x86_64, r-release-windows-x86_64, r-oldrel-macos-arm64, r-oldrel-macos-x86_64, r-oldrel-windows-ix86+x86_64