CRAN Package Check Results for Package bioOED

Last updated on 2022-06-25 10:52:58 CEST.

Flavor Version Tinstall Tcheck Ttotal Status Flags
r-devel-linux-x86_64-debian-clang 0.2.1 18.13 156.68 174.81 NOTE
r-devel-linux-x86_64-debian-gcc 0.2.1 13.42 117.78 131.20 NOTE
r-devel-linux-x86_64-fedora-clang 0.2.1 165.24 NOTE
r-devel-linux-x86_64-fedora-gcc 0.2.1 209.58 NOTE
r-devel-windows-x86_64 0.2.1 42.00 183.00 225.00 NOTE
r-patched-linux-x86_64 0.2.1 21.35 146.13 167.48 NOTE
r-release-linux-x86_64 0.2.1 10.45 145.21 155.66 NOTE
r-release-macos-arm64 0.2.1 6.00 ERROR
r-release-macos-x86_64 0.2.1 97.00 NOTE
r-release-windows-x86_64 0.2.1 45.00 179.00 224.00 NOTE
r-oldrel-macos-arm64 0.2.1 7.00 ERROR
r-oldrel-macos-x86_64 0.2.1 81.00 NOTE
r-oldrel-windows-ix86+x86_64 0.2.1 37.00 185.00 222.00 NOTE

Check Details

Version: 0.2.1
Check: LazyData
Result: NOTE
     'LazyData' is specified without a 'data' directory
Flavors: r-devel-linux-x86_64-debian-clang, r-devel-linux-x86_64-debian-gcc, r-devel-linux-x86_64-fedora-clang, r-devel-linux-x86_64-fedora-gcc, r-devel-windows-x86_64, r-patched-linux-x86_64, r-release-linux-x86_64, r-release-macos-x86_64, r-release-windows-x86_64, r-oldrel-macos-x86_64, r-oldrel-windows-ix86+x86_64

Version: 0.2.1
Check: package dependencies
Result: ERROR
    Package required but not available: ‘MEIGOR’
    
    See section ‘The DESCRIPTION file’ in the ‘Writing R Extensions’
    manual.
Flavors: r-release-macos-arm64, r-oldrel-macos-arm64