Last updated on 2025-04-29 12:52:30 CEST.
Flavor | Version | Tinstall | Tcheck | Ttotal | Status | Flags |
---|---|---|---|---|---|---|
r-devel-linux-x86_64-debian-clang | 1.3-6 | 4.85 | 46.57 | 51.42 | NOTE | |
r-devel-linux-x86_64-debian-gcc | 1.3-6 | 3.45 | 34.88 | 38.33 | NOTE | |
r-devel-linux-x86_64-fedora-clang | 1.3-6 | 83.84 | OK | |||
r-devel-linux-x86_64-fedora-gcc | 1.3-6 | 79.13 | OK | |||
r-devel-windows-x86_64 | 1.3-6 | 6.00 | 67.00 | 73.00 | OK | |
r-patched-linux-x86_64 | 1.3-6 | 5.02 | 44.82 | 49.84 | OK | |
r-release-linux-x86_64 | 1.3-6 | 4.48 | 44.68 | 49.16 | OK | |
r-release-macos-arm64 | 1.3-6 | 40.00 | OK | |||
r-release-macos-x86_64 | 1.3-6 | 75.00 | OK | |||
r-release-windows-x86_64 | 1.3-6 | 6.00 | 77.00 | 83.00 | OK | |
r-oldrel-macos-arm64 | 1.3-6 | 35.00 | OK | |||
r-oldrel-macos-x86_64 | 1.3-6 | 44.00 | OK | |||
r-oldrel-windows-x86_64 | 1.3-6 | 5.00 | 65.00 | 70.00 | OK |
Version: 1.3-6
Check: CRAN incoming feasibility
Result: NOTE
Maintainer: ‘Lester L. Yuan <yuan.lester@epa.gov>’
No Authors@R field in DESCRIPTION.
Please add one, modifying
Authors@R: person(given = c("Lester", "L."),
family = "Yuan",
role = c("aut", "cre"),
email = "yuan.lester@epa.gov")
as necessary.
Flavors: r-devel-linux-x86_64-debian-clang, r-devel-linux-x86_64-debian-gcc