CRAN Package Check Results for Package bindr

Last updated on 2022-05-27 12:53:10 CEST.

Flavor Version Tinstall Tcheck Ttotal Status Flags
r-devel-linux-x86_64-debian-clang 0.1.1 1.93 31.84 33.77 NOTE
r-devel-linux-x86_64-debian-gcc 0.1.1 1.55 25.55 27.10 NOTE
r-devel-linux-x86_64-fedora-clang 0.1.1 41.56 NOTE
r-devel-linux-x86_64-fedora-gcc 0.1.1 50.95 NOTE
r-devel-windows-x86_64 0.1.1 9.00 57.00 66.00 NOTE
r-patched-linux-x86_64 0.1.1 1.67 31.30 32.97 NOTE
r-release-linux-x86_64 0.1.1 1.80 30.96 32.76 NOTE
r-release-macos-arm64 0.1.1 18.00 NOTE
r-release-macos-x86_64 0.1.1 30.00 NOTE
r-release-windows-x86_64 0.1.1 12.00 54.00 66.00 NOTE
r-oldrel-macos-arm64 0.1.1 24.00 NOTE
r-oldrel-macos-x86_64 0.1.1 36.00 NOTE
r-oldrel-windows-ix86+x86_64 0.1.1 5.00 44.00 49.00 NOTE

Check Details

Version: 0.1.1
Check: LazyData
Result: NOTE
     'LazyData' is specified without a 'data' directory
Flavors: r-devel-linux-x86_64-debian-clang, r-devel-linux-x86_64-debian-gcc, r-devel-linux-x86_64-fedora-clang, r-devel-linux-x86_64-fedora-gcc, r-devel-windows-x86_64, r-patched-linux-x86_64, r-release-linux-x86_64, r-release-macos-arm64, r-release-macos-x86_64, r-release-windows-x86_64, r-oldrel-macos-arm64, r-oldrel-macos-x86_64, r-oldrel-windows-ix86+x86_64