Last updated on 2023-01-27 11:49:22 CET.
Flavor | Version | Tinstall | Tcheck | Ttotal | Status | Flags |
---|---|---|---|---|---|---|
r-devel-linux-x86_64-debian-clang | 1.2.4 | 93.23 | 182.84 | 276.07 | OK | |
r-devel-linux-x86_64-debian-gcc | 1.2.4 | 64.48 | 129.90 | 194.38 | NOTE | |
r-devel-linux-x86_64-fedora-clang | 1.2.4 | 376.40 | OK | |||
r-devel-linux-x86_64-fedora-gcc | 1.2.4 | 335.79 | NOTE | |||
r-devel-windows-x86_64 | 1.2.4 | 121.00 | 222.00 | 343.00 | OK | |
r-patched-linux-x86_64 | 1.2.4 | 73.36 | 164.25 | 237.61 | OK | |
r-release-linux-x86_64 | 1.2.4 | 74.70 | 166.59 | 241.29 | OK | |
r-release-macos-arm64 | 1.2.4 | 99.00 | NOTE | |||
r-release-macos-x86_64 | 1.2.4 | 99.00 | NOTE | |||
r-release-windows-x86_64 | 1.2.4 | 129.00 | 209.00 | 338.00 | OK | |
r-oldrel-macos-arm64 | 1.2.4 | 91.00 | NOTE | |||
r-oldrel-macos-x86_64 | 1.2.4 | 104.00 | NOTE | |||
r-oldrel-windows-ix86+x86_64 | 1.2.4 | 189.00 | 261.00 | 450.00 | OK |
Version: 1.2.4
Check: C++ specification
Result: NOTE
Specified C++11: please update to current default of C++17
Flavors: r-devel-linux-x86_64-debian-gcc, r-devel-linux-x86_64-fedora-gcc
Version: 1.2.4
Check: installed package size
Result: NOTE
installed size is 5.9Mb
sub-directories of 1Mb or more:
libs 4.9Mb
Flavors: r-release-macos-arm64, r-release-macos-x86_64, r-oldrel-macos-arm64, r-oldrel-macos-x86_64