CRAN Package Check Results for Package billboard

Last updated on 2025-05-10 12:49:37 CEST.

Flavor Version Tinstall Tcheck Ttotal Status Flags
r-devel-linux-x86_64-debian-clang 0.1.0 3.18 18.58 21.76 NOTE
r-devel-linux-x86_64-debian-gcc 0.1.0 2.46 15.45 17.91 NOTE
r-devel-linux-x86_64-fedora-clang 0.1.0 34.04 NOTE
r-devel-linux-x86_64-fedora-gcc 0.1.0 32.74 NOTE
r-devel-windows-x86_64 0.1.0 5.00 41.00 46.00 OK
r-patched-linux-x86_64 0.1.0 3.14 18.19 21.33 OK
r-release-linux-x86_64 0.1.0 3.34 17.96 21.30 OK
r-release-macos-arm64 0.1.0 22.00 OK
r-release-macos-x86_64 0.1.0 30.00 OK
r-release-windows-x86_64 0.1.0 4.00 41.00 45.00 OK
r-oldrel-macos-arm64 0.1.0 17.00 OK
r-oldrel-macos-x86_64 0.1.0 29.00 OK
r-oldrel-windows-x86_64 0.1.0 7.00 44.00 51.00 OK

Check Details

Version: 0.1.0
Check: CRAN incoming feasibility
Result: NOTE Maintainer: ‘Mikkel Freltoft Krogsholm <mikkel@56n.dk>’ No Authors@R field in DESCRIPTION. Please add one, modifying Authors@R: person(given = c("Mikkel", "Freltoft"), family = "Krogsholm", role = c("aut", "cre"), email = "mikkel@56n.dk") as necessary. Flavors: r-devel-linux-x86_64-debian-clang, r-devel-linux-x86_64-debian-gcc

Version: 0.1.0
Check: dependencies in R code
Result: NOTE Namespace in Imports field not imported from: ‘tibble’ All declared Imports should be used. Flavors: r-devel-linux-x86_64-fedora-clang, r-devel-linux-x86_64-fedora-gcc