CRAN Package Check Results for Package bigmemory

Last updated on 2022-12-05 11:51:34 CET.

Flavor Version Tinstall Tcheck Ttotal Status Flags
r-devel-linux-x86_64-debian-clang 4.6.1 82.64 49.87 132.51 OK
r-devel-linux-x86_64-debian-gcc 4.6.1 71.72 38.83 110.55 OK
r-devel-linux-x86_64-fedora-clang 4.6.1 209.08 OK
r-devel-linux-x86_64-fedora-gcc 4.6.1 195.79 OK
r-devel-windows-x86_64 4.6.1 139.00 108.00 247.00 OK
r-patched-linux-x86_64 4.6.1 81.52 47.85 129.37 OK
r-release-linux-x86_64 4.6.1 78.09 46.83 124.92 OK
r-release-macos-arm64 4.6.1 51.00 NOTE
r-release-macos-x86_64 4.6.1 78.00 NOTE
r-release-windows-x86_64 4.6.1 123.00 106.00 229.00 OK
r-oldrel-macos-arm64 4.6.1 49.00 NOTE
r-oldrel-macos-x86_64 4.6.1 67.00 NOTE
r-oldrel-windows-ix86+x86_64 4.6.1 210.00 109.00 319.00 OK

Check Details

Version: 4.6.1
Check: installed package size
Result: NOTE
     installed size is 7.2Mb
     sub-directories of 1Mb or more:
     libs 6.8Mb
Flavors: r-release-macos-arm64, r-release-macos-x86_64, r-oldrel-macos-arm64, r-oldrel-macos-x86_64