Last updated on 2024-04-19 11:56:39 CEST.
Flavor | Version | Tinstall | Tcheck | Ttotal | Status | Flags |
---|---|---|---|---|---|---|
r-devel-linux-x86_64-debian-clang | 0.0.1 | 36.32 | 35.68 | 72.00 | OK | |
r-devel-linux-x86_64-debian-gcc | 0.0.1 | OK | ||||
r-devel-linux-x86_64-fedora-clang | 0.0.1 | 112.84 | NOTE | |||
r-devel-linux-x86_64-fedora-gcc | 0.0.1 | 109.31 | NOTE | |||
r-prerel-macos-arm64 | 0.0.1 | 31.00 | OK | |||
r-prerel-windows-x86_64 | 0.0.1 | 36.00 | 72.00 | 108.00 | OK | |
r-patched-linux-x86_64 | 0.0.1 | 39.82 | 35.32 | 75.14 | OK | |
r-release-linux-x86_64 | 0.0.1 | 43.00 | 35.59 | 78.59 | OK | |
r-release-macos-arm64 | 0.0.1 | 35.00 | OK | |||
r-release-macos-x86_64 | 0.0.1 | 50.00 | OK | |||
r-release-windows-x86_64 | 0.0.1 | 44.00 | 76.00 | 120.00 | OK | |
r-oldrel-macos-arm64 | 0.0.1 | 33.00 | NOTE | |||
r-oldrel-windows-x86_64 | 0.0.1 | 40.00 | 75.00 | 115.00 | OK |
Version: 0.0.1
Check: dependencies in R code
Result: NOTE
Namespace in Imports field not imported from: ‘survival’
All declared Imports should be used.
Flavors: r-devel-linux-x86_64-fedora-clang, r-devel-linux-x86_64-fedora-gcc, r-oldrel-macos-arm64