CRAN Package Check Results for Package biclustermd

Last updated on 2022-06-29 11:52:03 CEST.

Flavor Version Tinstall Tcheck Ttotal Status Flags
r-devel-linux-x86_64-debian-clang 0.2.3 10.02 175.71 185.73 OK
r-devel-linux-x86_64-debian-gcc 0.2.3 8.65 123.98 132.63 OK
r-devel-linux-x86_64-fedora-clang 0.2.3 214.13 NOTE
r-devel-linux-x86_64-fedora-gcc 0.2.3 215.74 NOTE
r-devel-windows-x86_64 0.2.3 57.00 198.00 255.00 OK
r-patched-linux-x86_64 0.2.3 9.42 162.16 171.58 OK
r-release-linux-x86_64 0.2.3 8.18 159.31 167.49 OK
r-release-macos-arm64 0.2.3 60.00 NOTE
r-release-macos-x86_64 0.2.3 114.00 NOTE
r-release-windows-x86_64 0.2.3 57.00 198.00 255.00 OK
r-oldrel-macos-arm64 0.2.3 84.00 NOTE
r-oldrel-macos-x86_64 0.2.3 78.00 NOTE
r-oldrel-windows-ix86+x86_64 0.2.3 24.00 202.00 226.00 OK

Check Details

Version: 0.2.3
Check: dependencies in R code
Result: NOTE
    Namespace in Imports field not imported from: ‘nycflights13’
     All declared Imports should be used.
Flavors: r-devel-linux-x86_64-fedora-clang, r-devel-linux-x86_64-fedora-gcc, r-release-macos-arm64, r-release-macos-x86_64, r-oldrel-macos-arm64, r-oldrel-macos-x86_64