CRAN Package Check Results for Package biclique

Last updated on 2022-06-26 11:52:26 CEST.

Flavor Version Tinstall Tcheck Ttotal Status Flags
r-devel-linux-x86_64-debian-clang 1.0.5 4.81 21.49 26.30 NOTE
r-devel-linux-x86_64-debian-gcc 1.0.5 3.48 17.18 20.66 NOTE
r-devel-linux-x86_64-fedora-clang 1.0.5 42.73 NOTE
r-devel-linux-x86_64-fedora-gcc 1.0.5 41.28 NOTE
r-devel-windows-x86_64 1.0.5 28.00 48.00 76.00 NOTE
r-patched-linux-x86_64 1.0.5 4.04 21.21 25.25 NOTE
r-release-linux-x86_64 1.0.5 3.67 21.63 25.30 NOTE
r-release-macos-arm64 1.0.5 18.00 NOTE
r-release-macos-x86_64 1.0.5 25.00 NOTE
r-release-windows-x86_64 1.0.5 13.00 48.00 61.00 NOTE
r-oldrel-macos-arm64 1.0.5 19.00 NOTE
r-oldrel-macos-x86_64 1.0.5 27.00 NOTE
r-oldrel-windows-ix86+x86_64 1.0.5 15.00 44.00 59.00 NOTE

Check Details

Version: 1.0.5
Check: LazyData
Result: NOTE
     'LazyData' is specified without a 'data' directory
Flavors: r-devel-linux-x86_64-debian-clang, r-devel-linux-x86_64-debian-gcc, r-devel-linux-x86_64-fedora-clang, r-devel-linux-x86_64-fedora-gcc, r-devel-windows-x86_64, r-patched-linux-x86_64, r-release-linux-x86_64, r-release-macos-arm64, r-release-macos-x86_64, r-release-windows-x86_64, r-oldrel-macos-arm64, r-oldrel-macos-x86_64, r-oldrel-windows-ix86+x86_64