CRAN Package Check Results for Package bibs

Last updated on 2022-10-03 10:50:21 CEST.

Flavor Version Tinstall Tcheck Ttotal Status Flags
r-devel-linux-x86_64-debian-clang 1.1.1 2.93 32.41 35.34 NOTE
r-devel-linux-x86_64-debian-gcc 1.1.1 2.61 24.65 27.26 NOTE
r-devel-linux-x86_64-fedora-clang 1.1.1 57.09 NOTE
r-devel-linux-x86_64-fedora-gcc 1.1.1 56.54 NOTE
r-devel-windows-x86_64 1.1.1 11.00 60.00 71.00 NOTE
r-patched-linux-x86_64 1.1.1 2.48 30.94 33.42 OK
r-release-linux-x86_64 1.1.1 2.92 30.72 33.64 OK
r-release-macos-arm64 1.1.1 17.00 OK
r-release-macos-x86_64 1.1.1 27.00 OK
r-release-windows-x86_64 1.1.1 17.00 53.00 70.00 OK
r-oldrel-macos-arm64 1.1.1 21.00 OK
r-oldrel-macos-x86_64 1.1.1 26.00 OK
r-oldrel-windows-ix86+x86_64 1.1.1 7.00 52.00 59.00 OK

Check Details

Version: 1.1.1
Check: Rd files
Result: NOTE
    checkRd: (-1) Jeffreysbs.Rd:17: Escaped LaTeX specials: \&
Flavors: r-devel-linux-x86_64-debian-clang, r-devel-linux-x86_64-debian-gcc, r-devel-linux-x86_64-fedora-clang, r-devel-linux-x86_64-fedora-gcc, r-devel-windows-x86_64