Last updated on 2024-04-18 12:52:38 CEST.
Flavor | Version | Tinstall | Tcheck | Ttotal | Status | Flags |
---|---|---|---|---|---|---|
r-devel-linux-x86_64-debian-clang | 0.1.0 | 3.61 | 41.27 | 44.88 | OK | |
r-devel-linux-x86_64-debian-gcc | 0.1.0 | 1.71 | 39.45 | 41.16 | OK | |
r-devel-linux-x86_64-fedora-clang | 0.1.0 | 62.83 | NOTE | |||
r-devel-linux-x86_64-fedora-gcc | 0.1.0 | 68.95 | NOTE | |||
r-prerel-macos-arm64 | 0.1.0 | 27.00 | OK | |||
r-prerel-windows-x86_64 | 0.1.0 | 4.00 | 60.00 | 64.00 | OK | |
r-patched-linux-x86_64 | 0.1.0 | 3.79 | 48.40 | 52.19 | OK | |
r-release-linux-x86_64 | 0.1.0 | 2.05 | 46.54 | 48.59 | OK | |
r-release-macos-arm64 | 0.1.0 | 28.00 | OK | |||
r-release-macos-x86_64 | 0.1.0 | 41.00 | OK | |||
r-release-windows-x86_64 | 0.1.0 | 5.00 | 60.00 | 65.00 | OK | |
r-oldrel-macos-arm64 | 0.1.0 | 27.00 | OK | |||
r-oldrel-windows-x86_64 | 0.1.0 | 5.00 | 64.00 | 69.00 | OK |
Version: 0.1.0
Check: data for non-ASCII characters
Result: NOTE
Note: found 99 marked UTF-8 strings
Flavors: r-devel-linux-x86_64-fedora-clang, r-devel-linux-x86_64-fedora-gcc