CRAN Package Check Results for Package bib2df

Last updated on 2022-06-26 11:52:26 CEST.

Flavor Version Tinstall Tcheck Ttotal Status Flags
r-devel-linux-x86_64-debian-clang 1.1.1 5.91 64.14 70.05 NOTE
r-devel-linux-x86_64-debian-gcc 1.1.1 5.18 46.72 51.90 NOTE
r-devel-linux-x86_64-fedora-clang 1.1.1 90.97 NOTE
r-devel-linux-x86_64-fedora-gcc 1.1.1 89.05 NOTE
r-devel-windows-x86_64 1.1.1 15.00 87.00 102.00 NOTE
r-patched-linux-x86_64 1.1.1 6.12 57.53 63.65 NOTE
r-release-linux-x86_64 1.1.1 5.73 57.13 62.86 NOTE
r-release-macos-arm64 1.1.1 34.00 NOTE
r-release-macos-x86_64 1.1.1 69.00 NOTE
r-release-windows-x86_64 1.1.1 17.00 88.00 105.00 NOTE
r-oldrel-macos-arm64 1.1.1 31.00 NOTE
r-oldrel-macos-x86_64 1.1.1 59.00 NOTE
r-oldrel-windows-ix86+x86_64 1.1.1 16.00 81.00 97.00 NOTE

Check Details

Version: 1.1.1
Check: LazyData
Result: NOTE
     'LazyData' is specified without a 'data' directory
Flavors: r-devel-linux-x86_64-debian-clang, r-devel-linux-x86_64-debian-gcc, r-devel-linux-x86_64-fedora-clang, r-devel-linux-x86_64-fedora-gcc, r-devel-windows-x86_64, r-patched-linux-x86_64, r-release-linux-x86_64, r-release-macos-arm64, r-release-macos-x86_64, r-release-windows-x86_64, r-oldrel-macos-arm64, r-oldrel-macos-x86_64, r-oldrel-windows-ix86+x86_64