Last updated on 2022-06-30 11:53:02 CEST.
Flavor | Version | Tinstall | Tcheck | Ttotal | Status | Flags |
---|---|---|---|---|---|---|
r-devel-linux-x86_64-debian-clang | 1.3 | 34.66 | 81.75 | 116.41 | OK | |
r-devel-linux-x86_64-debian-gcc | 1.3 | 30.00 | 61.66 | 91.66 | OK | |
r-devel-linux-x86_64-fedora-clang | 1.3 | 164.93 | NOTE | |||
r-devel-linux-x86_64-fedora-gcc | 1.3 | 154.12 | NOTE | |||
r-devel-windows-x86_64 | 1.3 | 61.00 | 141.00 | 202.00 | OK | |
r-patched-linux-x86_64 | 1.3 | 35.68 | 80.25 | 115.93 | OK | |
r-release-linux-x86_64 | 1.3 | 31.59 | 79.42 | 111.01 | OK | |
r-release-macos-arm64 | 1.3 | 48.00 | NOTE | |||
r-release-macos-x86_64 | 1.3 | 82.00 | NOTE | |||
r-release-windows-x86_64 | 1.3 | 50.00 | 162.00 | 212.00 | OK | |
r-oldrel-macos-arm64 | 1.3 | 45.00 | NOTE | |||
r-oldrel-macos-x86_64 | 1.3 | 119.00 | NOTE | |||
r-oldrel-windows-ix86+x86_64 | 1.3 | 120.00 | 176.00 | 296.00 | OK |
Version: 1.3
Check: dependencies in R code
Result: NOTE
Namespaces in Imports field not imported from:
‘DAAG’ ‘datasets’ ‘expm’ ‘mvtnorm’
All declared Imports should be used.
Flavors: r-devel-linux-x86_64-fedora-clang, r-devel-linux-x86_64-fedora-gcc, r-release-macos-arm64, r-release-macos-x86_64, r-oldrel-macos-arm64, r-oldrel-macos-x86_64